?
48
What is the remainder when 164 is divided by 63?
38
Calculate the remainder when 98 is divided by 30.
8
Calculate the remainder when 16354 is divided by 47.
45
Calculate the remainder when 17569 is divided by 35.
34
Calculate the remainder when 1292 is divided by 71.
14
What is the remainder when 40 is divided by 16?
8
Calculate the remainder when 144 is divided by 17.
8
Calculate the remainder when 1086 is divided by 26.
20
What is the remainder when 495 is divided by 82?
3
What is the remainder when 2597 is divided by 13?
10
What is the remainder when 108 is divided by 14?
10
Calculate the remainder when 337 is divided by 70.
57
Calculate the remainder when 104 is divided by 29.
17
Calculate the remainder when 1982 is divided by 17.
10
What is the remainder when 1171 is divided by 51?
49
Calculate the remainder when 197 is divided by 69.
59
What is the remainder when 151 is divided by 84?
67
Calculate the remainder when 851 is divided by 142.
141
What is the remainder when 4981 is divided by 28?
25
Calculate the remainder when 1723 is divided by 245.
8
Calculate the remainder when 155 is divided by 129.
26
Calculate the remainder when 1119 is divided by 223.
4
Calculate the remainder when 525 is divided by 94.
55
Calculate the remainder when 1171 is divided by 235.
231
What is the remainder when 26537 is divided by 27?
23
Calculate the remainder when 520 is divided by 168.
16
What is the remainder when 216 is divided by 22?
18
Calculate the remainder when 718 is divided by 60.
58
What is the remainder when 57 is divided by 20?
17
What is the remainder when 513 is divided by 132?
117
What is the remainder when 181 is divided by 27?
19
Calculate the remainder when 738 is divided by 137.
53
What is the remainder when 94 is divided by 6?
4
What is the remainder when 23 is divided by 22?
1
What is the remainder when 146 is divided by 25?
21
What is the remainder when 321 is divided by 37?
25
What is the remainder when 4427 is divided by 41?
40
What is the remainder when 405 is divided by 105?
90
What is the remainder when 53 is divided by 8?
5
Calculate the remainder when 321 is divided by 81.
78
Calculate the remainder when 1048 is divided by 516.
16
What is the remainder when 1192 is divided by 199?
197
What is the remainder when 737 is divided by 41?
40
Calculate the remainder when 361 is divided by 17.
4
Calculate the remainder when 1513 is divided by 118.
97
What is the remainder when 99 is divided by 13?
8
Calculate the remainder when 590 is divided by 106.
60
Calculate the remainder when 299 is divided by 62.
51
What is the remainder when 232 is divided by 47?
44
Calculate the remainder when 435 is divided by 76.
55
What is the remainder when 6631 is divided by 11?
9
What is the remainder when 493 is divided by 71?
67
Calculate the remainder when 32921 is divided by 59.
58
Calculate the remainder when 605 is divided by 122.
117
Calculate the remainder when 102 is divided by 78.
24
What is the remainder when 85 is divided by 11?
8
What is the remainder when 126 is divided by 53?
20
Calculate the remainder when 604 is divided by 48.
28
What is the remainder when 5437 is divided by 80?
77
Calculate the remainder when 118 is divided by 4.
2
Calculate the remainder when 140 is divided by 67.
6
Calculate the remainder when 217 is divided by 69.
10
Calculate the remainder when 1415 is divided by 283.
0
Calculate the remainder when 56 is divided by 19.
18
Calculate the remainder when 4893 is divided by 62.
57
What is the remainder when 259 is divided by 27?
16
What is the remainder when 150 is divided by 19?
17
What is the remainder when 8730 is divided by 4359?
12
What is the remainder when 213 is divided by 43?
41
Calculate the remainder when 669 is divided by 399.
270
Calculate the remainder when 175 is divided by 74.
27
What is the remainder when 3046 is divided by 25?
21
Calculate the remainder when 18 is divided by 14.
4
What is the remainder when 140 is divided by 34?
4
What is the remainder when 1892 is divided by 214?
180
What is the remainder when 523 is divided by 73?
12
Calculate the remainder when 59 is divided by 48.
11
What is the remainder when 271 is divided by 44?
7
Calculate the remainder when 44 is divided by 9.
8
Calculate the remainder when 150 is divided by 38.
36
What is the remainder when 427 is divided by 12?
7
What is the remainder when 423 is divided by 112?
87
What is the remainder when 158 is divided by 156?
2
What is the remainder when 611 is divided by 56?
51
What is the remainder when 445 is divided by 56?
53
Calculate the remainder when 342 is divided by 169.
4
Calculate the remainder when 758 is divided by 24.
14
Calculate the remainder when 337 is divided by 114.
109
Calculate the remainder when 617 is divided by 15.
2
Calculate the remainder when 1336 is divided by 17.
10
What is the remainder when 853 is divided by 284?
1
What is the remainder when 46 is divided by 18?
10
Calculate the remainder when 341 is divided by 79.
25
What is the remainder when 412 is divided by 23?
21
Calculate the remainder when 423 is divided by 107.
102
What is the remainder when 3441 is divided by 123?
120
What is the remainder when 502 is divided by 94?
32
Calculate the remainder when 22 is divided by 12.
10
Calculate the remainder when 15400 is divided by 34.
32
What is the remainder when 1902 is divided by 56?
54
What is the remainder when 131 is divided by 12?
11
What is the remainder when 91 is divided by 31?
29
What is the remainder when 556 is divided by 13?
10
Calculate the remainder when 1263 is divided by 48.
15
Calculate the remainder when 78 is divided by 69.
9
What is the remainder when 133 is divided by 54?
25
Calculate the remainder when 125 is divided by 33.
26
Calculate the remainder when 2594 is divided by 49.
46
What is the remainder when 82 is divided by 52?
30
Calculate the remainder when 1558 is divided by 78.
76
Calculate the remainder when 1115 is divided by 546.
23
What is the remainder when 2596 is divided by 49?
48
Calculate the remainder when 951 is divided by 53.
50
Calculate the remainder when 377 is divided by 85.
37
What is the remainder when 66 is divided by 5?
1
Calculate the remainder when 721 is divided by 227.
40
Calculate the remainder when 988 is divided by 30.
28
What is the remainder when 131 is divided by 91?
40
Calculate the remainder when 210 is divided by 208.
2
Calculate the remainder when 2726 is divided by 1347.
32
Calculate the remainder when 75 is divided by 11.
9
Calculate the remainder when 1851 is divided by 26.
5
What is the remainder when 307 is divided by 27?
10
What is the remainder when 2370 is divided by 140?
130
What is the remainder when 97 is divided by 25?
22
Calculate the remainder when 1439 is divided by 80.
79
What is the remainder when 5814 is divided by 41?
33
Calculate the remainder when 630 is divided by 8.
6
Calculate the remainder when 36 is divided by 31.
5
What is the remainder when 45921 is divided by 19?
17
Calculate the remainder when 179 is divided by 12.
11
What is the remainder when 6911 is divided by 192?
191
What is the remainder when 114 is divided by 13?
10
What is the remainder when 41 is divided by 9?
5
What is the remainder when 853 is divided by 57?
55
Calculate the remainder when 403 is divided by 31.
0
What is the remainder when 455 is divided by 152?
151
What is the remainder when 588 is divided by 18?
12
Calculate the remainder when 163 is divided by 11.
9
What is the remainder when 278 is divided by 100?
78
What is the remainder when 157 is divided by 23?
19
What is the remainder when 6201 is divided by 12?
9
Calculate the remainder when 1788 is divided by 28.
24
What is the remainder when 47 is divided by 12?
11
Calculate the remainder when 250 is divided by 14.
12
What is the remainder when 2031 is divided by 85?
76
What is the remainder when 818 is divided by 29?
6
Calculate the remainder when 400 is divided by 17.
9
Calculate the remainder when 1031 is divided by 6.
5
Calculate the remainder when 669 is divided by 17.
6
What is the remainder when 543 is divided by 21?
18
What is the remainder when 172 is divided by 22?
18
Calculate the remainder when 194 is divided by 67.
60
Calculate the remainder when 536 is divided by 17.
9